). Suppose 4*g + 4*p = p + 45, 2*p + f = 2*g. What are the prime factors of g?
2, 3
Let w = -1379 + 2111. List the prime factors of w.
2, 3, 61
List the prime factors of ((-377703)/(-9))/(-11 + (-8 - -20)).
3, 4663
List the prime factors of 14997 - 583 - (0 + -6 - 1).
3, 11, 19, 23
Let a(t) = t**3 + 47*t**2 + 126*t - 56. List the prime factors of a(-29).
2, 2857
Let j = -483 - -491. Suppose j*a - 9*a + 211 = 3*q, -q + 66 = -4*a. List the prime factors of q.
2, 5, 7
Let g = -5461 - -8292. List the prime factors of g.
19, 149
Let b be (554/(-6))/((-83)/3237). Suppose 0 = -4*p + 2703 + b. What are the prime factors of p?
2, 197
Suppose -5*b = z - 2468, -2*z - 9760 = -6*z - 4*b. List the prime factors of z.
3, 811
Let m be 10*6*3/(-6). Let t = m + 38. Suppose 0 = t*l - 341 - 219. List the prime factors of l.
2, 5, 7
Let r = 0 - 6. Let b(o) be the second derivative of o**4/4 + 3*o**3/2 + 8*o**2 - 951*o. List the prime factors of b(r).
2, 5, 7
Let l(x) = 2*x**2 + 6*x + 21. Let s = -65 + 72. Let t be l(s). Let n = t + -54. List the prime factors of n.
107
Suppose 2*a - 70 = -2*x, -28 = -a + 3*x - 1. Let d = 35 - a. Let b(r) = 39*r + 6. What are the prime factors of b(d)?
2, 3, 7
What are the prime factors of (110/176 - 9/(-24))*36162?
2, 3, 7, 41
Let c(j) = 2*j**2 - 17*j + 2. Let i be c(9). Let g(m) = -1 + 7*m - i*m + 2*m + 3. What are the prime factors of g(-2)?
2, 3
Suppose -4*u = -12 - 8, 0 = -2*r + u + 197. List the prime factors of 34/(-119) + 76*r/14.
2, 137
Suppose -3*b = 12, 0 = 3*h - 3*b - 6 - 9. Let l(p) = 286*p**3 - 2*p**2 + 2*p - 1. What are the prime factors of l(h)?
3, 5, 19
Suppose 0 = -7*w + 44 - 9. What are the prime factors of (-6 - -1) + w/((-50)/(-10310))?
2, 3, 19
Suppose 3031 = -53*s + 207093 + 216705. List the prime factors of s.
17, 467
Suppose k + 39300 = -54*y + 58*y, -4*y + 4*k + 39288 = 0. What are the prime factors of y?
2, 17
Let a = -31794 - -45112. List the prime factors of a.
2, 6659
Let m be 0/(-2) + (-2)/4*2. Let p be (-8)/(-3)*m/(10/(-15)). Suppose 207 - 53 = p*u + 2*r, 51 = u - 2*r. List the prime factors of u.
41
Suppose 4*u = u + 2*u. Suppose -15 = 3*t + 3*x - u*x, -10 = 4*t + 2*x. Suppose 0 = -2*i - t*d + d + 301, -2*d = -2*i + 302. List the prime factors of i.
2, 3, 5
Let v(g) = 28*g + 13*g + 42 + 33*g. List the prime factors of v(11).
2, 107
Let s be 15/(-30) + (-45)/(-2). Let j = 44 - s. Suppose j - 378 = -4*a. What are the prime factors of a?
89
Suppose 119*f - 1801170 = 17*f - 24*f. What are the prime factors of f?
3, 5, 953
Suppose -11*d + 3346 = -18*d. Let w = -325 - d. List the prime factors of w.
3, 17
Let f(l) = l**3 - l**2 + l + 4. Let i be f(0). Suppose -4*w - 8*u + 2900 = -3*u, -w = -i*u - 746. What are the prime factors of w?
2, 5, 73
Suppose -6*j + 11*j - 570 = 0. What are the prime factors of ((-15)/(-6))/(-3 + 345/j)?
5, 19
Suppose 697 = -3*g - 362. Let f = 80 - g. List the prime factors of f.
433
Let s be 14/(-5)*(-80)/32. Suppose -143 = s*h + 718. Let i = 169 + h. What are the prime factors of i?
2, 23
Let p(o) = 337 + 61 + 25 - 7*o - 3*o. List the prime factors of p(0).
3, 47
Let h(q) = 160*q**2 + 27*q - 22. List the prime factors of h(3).
1499
Let d be 10*(36/10)/6. Let g be (-1)/d + 99505/(-210). Let t = g - -672. List the prime factors of t.
2, 3, 11
Let z(n) = -59*n - 17. Let i(h) = -296*h - 84. Let l(s) = 3*i(s) - 14*z(s). List the prime factors of l(-5).
2, 37
Suppose -2*x + 1450 + 961 = -5*k, 0 = 3*x + 4*k - 3582. Let p = x + -782. List the prime factors of p.
2, 13
Suppose 287*n - 17064794 - 15267612 + 11939621 = 0. List the prime factors of n.
3, 5, 1579
What are the prime factors of (-10 - -11)/((-9)/(-23301))?
3, 863
Let n be ((-66)/18 + 3)*-792. Suppose -h + 3*d = -524, -h - n = -2*h + d. What are the prime factors of h?
2, 5, 53
List the prime factors of 1/(207700/29670 - 7).
3, 23, 43
Let b(x) = 38*x - 15. Let t = 3 + 12. Let w(z) = -153*z + 60. Let m(v) = t*b(v) + 4*w(v). What are the prime factors of m(-5)?
3, 5
Let b(z) = -36*z**2 + z. Let w(p) = p**2. Let y(s) = -b(s) + 4*w(s). Suppose 0 = 10*v + 7 + 3. List the prime factors of y(v).
41
What are the prime factors of 4/(252/158529)*6?
2, 7549
Suppose 27265 - 3691 = 6*c. What are the prime factors of c?
3929
Let v = -51 + 53. Suppose 2*d + 2 - v = 0. Suppose d = -3*p + 127 + 86. What are the prime factors of p?
71
Suppose 38202 + 212779 = 81*q + 47428. What are the prime factors of q?
7, 359
Let a = -3904 + 11934. What are the prime factors of a?
2, 5, 11, 73
Let t(g) = 39*g + 3. Let f be t(1). Let v(l) = 2*l**3 - 84*l**2 + 14*l - 83. What are the prime factors of v(f)?
5, 101
Suppose 0 = 2*o - 3*k + 11 - 2, 0 = -2*o - 3*k - 15. Let h(s) = 2*s**2 - s - 4. List the prime factors of h(o).
2, 37
Let c(m) = m**3 + 6*m**2 - 16*m - 18. Let g be c(-8). Let t(k) = -k**3 - 19*k**2 - 25*k - 18. Let s be t(g). List the prime factors of 14/7 - -1*(-1 + s).
109
Let n = 36 - 24. Let y be 9/n + 2548/16. Let b = y + -91. List the prime factors of b.
3, 23
What are the prime factors of ((-3)/12)/((-5)/(192555 + -15))?
3, 3209
Let m(o) = -80*o**2 - 2062*o + 13. What are the prime factors of m(-24)?
11, 311
Let h(d) = -2*d**3 + 18*d**2 + 32*d + 395. List the prime factors of h(-18).
5, 3463
Suppose 45 = 6*r - 51. Let s = 175 - r. List the prime factors of s.
3, 53
Let d(g) = 12100*g - 1336. List the prime factors of d(2).
2, 1429
Let h be 4/30 + 112285/(-75). List the prime factors of (-4)/(-2)*(-1 + h/(-2)).
5, 13, 23
Let g be ((-3)/((-54)/240))/((-4)/354). What are the prime factors of ((-144)/(-120))/((-3)/g)?
2, 59
Suppose -13528 - 68732 = -4*n - 6*n. List the prime factors of n.
2, 3, 457
Let f be (-6)/(-18) - (-1)/(-3). Suppose 5*b - 20 = f, 0*b - 284 = -3*j - 2*b. Suppose 3*q = -4*z + j, q + 0*q + 3*z = 29. List the prime factors of q.
2
Let h(g) = -g**3 - 22*g**2 - 4*g + 12. Let r be h(-22). Let w = 801 - r. What are the prime factors of w?
701
Let c(j) = -178 + 15*j - 54 + 3*j - 15*j + 28*j. What are the prime factors of c(39)?
977
Let j be 73/219 + -274*(-2)/(-6). Let r = j + 231. List the prime factors of r.
2, 5, 7
Suppose 5*l - t = 9, 4*l - 4 = 2*t + 2. Suppose -l*u - 2*x = 16, -5 = -5*u - 2*x + 6*x. What are the prime factors of (1 - -6)/(u/342*-6)?
7, 19
What are the prime factors of 320/64*(-26462)/(-10)?
101, 131
Let m = -9 - -33. Let x be 5/((-10)/147)*m/(-9). Suppose -5*a + 569 + x = 0. What are the prime factors of a?
3, 17
Suppose 0 = 5*w - m - 17, m - 5 + 2 = 0. Suppose w*c = -6*c + 120. Suppose 6*x - 4*x = c. List the prime factors of x.
2, 3
Let j(l) = -66*l**3 + 3*l**2 + 7*l + 4. Let n be j(-2). Let v = n - -432. List the prime factors of v.
2, 13, 37
List the prime factors of 4*((-630)/(-77) - (-10)/(-55))*20.
2, 5
Suppose -3*s + 643 = 5392. Let i = s + 2371. What are the prime factors of i?
2, 197
List the prime factors of -7936*21*(161/23 + 45/(-6)).
2, 3, 7, 31
Let i = 1139 + -201. Let h = 1384 - i. What are the prime factors of h?
2, 223
Suppose -14*b + 120 = 50. Suppose 5*c = -5*n + b + 25, 4*n + 3*c - 23 = 0. Suppose 0 = -5*r + 2*k + 264, -n*k + 166 + 32 = 4*r. List the prime factors of r.
2, 13
Let z(w) = -11*w - 7. Let t be z(-1). Suppose -t*b + 2789 = 3*g, -11*g = -4*b - 6*g + 2797. What are the prime factors of b?
2, 349
Let w(l) be the third derivative of 5*l**4/24 + 7*l**3/3 - l**2. Let i be (1/(-2) + 1)/((-194)/(-1940)). What are the prime factors of w(i)?
3, 13
Let k be (-2 - (-8)/4)/(-1). Suppose k = -5*b + 3727 - 1327. What are the prime factors of b?
2, 3, 5
Suppose -4*y = 43799 - 144671. List the prime factors of y.
2, 3, 467
Let v = 5581 + -4257. What are the prime factors of v?
2, 331
Let k(d) = -119*d - 11. Let t be k(-9). Let z(m) = m**3 + 9*m**2 + 12*m - 3. Let g be z(-7). Suppose t = g*s - 40. What are the prime factors of s?
2, 5
List the prime factors of -230 + 222 - 5021*-1.
3, 557
Let x be 209 + (-4 - (-1 - -1)). Let o be -1*1 - ((-1 - x) + -6). Let w = o + -107. What are the prime factors of w?
2, 13
Suppose -i + 22329 = 2*n, -100*i + 97*i + 5*n + 66965 = 0. List the prime factors of i.
5, 19, 47
Let d(s) = s + 3. Let z be d(0). Suppose 5*b = -7*c + z*c - 67, 4*b = 4*c - 68. What are the prime factors of 3/15 - (1437/b + -2)?
2, 7
Let t = 16188 + 3628. List the prime factors of t.
2, 